{"id":173,"date":"2025-09-23T18:43:12","date_gmt":"2025-09-23T16:43:12","guid":{"rendered":"https:\/\/www.c14.sk\/?page_id=173"},"modified":"2025-09-23T18:56:09","modified_gmt":"2025-09-23T16:56:09","slug":"current-research","status":"publish","type":"page","link":"https:\/\/www.c14.sk\/?page_id=173","title":{"rendered":"Current Research"},"content":{"rendered":"<style type='text\/css' media='all'>#rt-tpg-container-1836813211 .rt-holder .rt-woo-info .price{color:#0367bf;}body .rt-tpg-container .rt-tpg-isotope-buttons .selected,\n\t\t\t\t\t#rt-tpg-container-1836813211 .layout12 .rt-holder:hover .rt-detail,\n\t\t\t\t\t#rt-tpg-container-1836813211 .isotope8 .rt-holder:hover .rt-detail,\n\t\t\t\t\t#rt-tpg-container-1836813211 .carousel8 .rt-holder:hover .rt-detail,\n\t\t\t\t\t#rt-tpg-container-1836813211 .layout13 .rt-holder .overlay .post-info,\n\t\t\t\t\t#rt-tpg-container-1836813211 .isotope9 .rt-holder .overlay .post-info,\n\t\t\t\t\t#rt-tpg-container-1836813211.rt-tpg-container .layout4 .rt-holder .rt-detail,\n\t\t\t\t\t.rt-modal-1836813211 .md-content,\n\t\t\t\t\t.rt-modal-1836813211 .md-content > .rt-md-content-holder .rt-md-content,\n\t\t\t\t\t.rt-popup-wrap-1836813211.rt-popup-wrap .rt-popup-navigation-wrap,\n\t\t\t\t\t#rt-tpg-container-1836813211 .carousel9 .rt-holder .overlay .post-info{background-color:#0367bf;}#rt-tpg-container-1836813211 .layout5 .rt-holder .overlay, #rt-tpg-container-1836813211 .isotope2 .rt-holder .overlay, #rt-tpg-container-1836813211 .carousel2 .rt-holder .overlay,#rt-tpg-container-1836813211 .layout15 .rt-holder h3, #rt-tpg-container-1836813211 .isotope11 .rt-holder h3, #rt-tpg-container-1836813211 .carousel11 .rt-holder h3, #rt-tpg-container-1836813211 .layout16 .rt-holder h3,\n\t\t\t\t\t#rt-tpg-container-1836813211 .isotope12 .rt-holder h3, #rt-tpg-container-1836813211 .carousel12 .rt-holder h3 {background-color:rgba(3,103,191,0.8);}#rt-tpg-container-1836813211 .read-more a{border-radius:px;}#rt-tpg-container-1836813211 .rt-img-holder img.rt-img-responsive,#rt-tpg-container-1836813211 .rt-img-holder,\n\t\t\t\t\t#rt-tpg-container-1836813211 .rt-post-overlay .post-img,\n\t\t\t\t\t#rt-tpg-container-1836813211 .post-sm .post-img,\n\t\t\t\t\t#rt-tpg-container-1836813211 .rt-post-grid .post-img,\n\t\t\t\t\t#rt-tpg-container-1836813211 .post-img img {border-radius:px;}<\/style><div class='rt-container-fluid rt-tpg-container tpg-shortcode-main-wrapper ' id='rt-tpg-container-1836813211'   data-layout='layout1' data-grid-style='even' data-desktop-col='1'  data-tab-col='1'  data-mobile-col='1' data-sc-id='178'><div data-title='Loading ...' class='rt-row rt-content-loader   layout1 tpg-even '><div class=\"rt-col-md-12 rt-col-sm-12 rt-col-xs-12 even-grid-item rt-grid-item\" data-id=\"176\"><div class=\"rt-holder\"><div class='rt-detail'><h3 class=\"entry-title\"><a data-id=\"176\" class=\"\" href=\"https:\/\/www.c14.sk\/?p=176\">LAND AS A RESOURCE: DEM\u00c4NOVSK\u00c1 SLATINA POLLEN ARCHIVE AND EXPLOITATION OF REGIONAL RESOURCES IN PAST 3000 YEARS<\/a><\/h3><div class='post-meta-user  '><span class='date'><i class='flaticon-calendar '><\/i>20. febru\u00e1ra 2025<\/span><\/div><div class='tpg-excerpt'>Lucia Benedikov\u00e1, Archeologick\u00fd \u00fastav SAV, v. v. i., Akademick\u00e1 2, 949 21 Nitra (SK)Eva Jamrichov\u00e1...<\/div><div class='post-meta '><span class='read-more'><a data-id='176' class='' href='https:\/\/www.c14.sk\/?p=176'>Read More<\/a><\/span><\/div><\/div><\/div><\/div><\/div><\/div>\n","protected":false},"excerpt":{"rendered":"","protected":false},"author":1,"featured_media":0,"parent":0,"menu_order":0,"comment_status":"closed","ping_status":"closed","template":"","meta":{"footnotes":""},"class_list":["post-173","page","type-page","status-publish","hentry"],"rttpg_featured_image_url":null,"rttpg_author":{"display_name":"admin","author_link":"https:\/\/www.c14.sk\/?author=1"},"rttpg_comment":0,"rttpg_category":"","rttpg_excerpt":null,"_links":{"self":[{"href":"https:\/\/www.c14.sk\/index.php?rest_route=\/wp\/v2\/pages\/173","targetHints":{"allow":["GET"]}}],"collection":[{"href":"https:\/\/www.c14.sk\/index.php?rest_route=\/wp\/v2\/pages"}],"about":[{"href":"https:\/\/www.c14.sk\/index.php?rest_route=\/wp\/v2\/types\/page"}],"author":[{"embeddable":true,"href":"https:\/\/www.c14.sk\/index.php?rest_route=\/wp\/v2\/users\/1"}],"replies":[{"embeddable":true,"href":"https:\/\/www.c14.sk\/index.php?rest_route=%2Fwp%2Fv2%2Fcomments&post=173"}],"version-history":[{"count":3,"href":"https:\/\/www.c14.sk\/index.php?rest_route=\/wp\/v2\/pages\/173\/revisions"}],"predecessor-version":[{"id":180,"href":"https:\/\/www.c14.sk\/index.php?rest_route=\/wp\/v2\/pages\/173\/revisions\/180"}],"wp:attachment":[{"href":"https:\/\/www.c14.sk\/index.php?rest_route=%2Fwp%2Fv2%2Fmedia&parent=173"}],"curies":[{"name":"wp","href":"https:\/\/api.w.org\/{rel}","templated":true}]}}