{"id":78,"date":"2013-04-10T00:58:43","date_gmt":"2013-04-09T22:58:43","guid":{"rendered":"http:\/\/www.c14.sk\/?page_id=78"},"modified":"2024-06-28T14:11:18","modified_gmt":"2024-06-28T12:11:18","slug":"contact","status":"publish","type":"page","link":"https:\/\/www.c14.sk\/?page_id=78","title":{"rendered":"Contact"},"content":{"rendered":"<p>Dr Peter Barta (Principal Investigator) &#8211; <a href=\"&#109;&#x61;&#105;&#x6c;&#116;&#x6f;&#58;&#x70;&#101;&#x74;&#101;&#x72;&#98;&#x61;&#114;&#x74;&#97;&#x40;&#99;&#x68;&#101;&#x6c;&#108;&#x6f;&#46;&#x73;k\">&#112;&#x65;t&#x65;&#x72;&#98;&#x61;r&#116;&#x61;&#64;&#x63;h&#101;&#x6c;l&#x6f;&#46;&#115;&#x6b;<\/a><\/p>\n<p>Dr Petra Kme\u0165ov\u00e1 (Data Maintenance) &#8211; <a href=\"m&#97;&#x69;&#x6c;&#x74;o&#58;&#x6b;&#x6d;&#x65;t&#111;&#x76;&#x61;&#x2e;p&#64;&#x67;&#x6d;&#x61;i&#108;&#x2e;&#x63;&#x6f;m\">&#x6b;&#x6d;&#x65;&#x74;&#x6f;&#x76;&#x61;&#x2e;&#x70;&#x40;&#x67;&#x6d;&#x61;&#x69;&#x6c;&#x2e;&#x63;&#x6f;&#x6d;<\/a><\/p>\n<p>Dr Krist\u00edna Piatni\u010dkov\u00e1 (Data Maintenance) &#8211; <a href=\"&#x6d;&#x61;&#105;&#108;to&#x3a;&#x6b;&#x72;&#105;st&#x69;&#x6e;&#x61;&#46;&#112;i&#x61;&#x74;&#x6e;&#105;&#99;k&#x6f;&#x76;&#x61;&#64;&#103;ma&#x69;&#x6c;&#x2e;&#99;om\">kristina&#46;piatnickova&#64;gma&#105;&#108;&#46;&#99;&#111;&#109;<\/a><\/p>\n<p>Dr Katar\u00edna Hlad\u00edkov\u00e1 (Data Maintenance) \u2013 <a href=\"m&#97;&#x69;&#x6c;&#x74;o&#58;&#x6b;&#x61;&#x74;a&#114;&#x69;&#x6e;&#x61;&#46;&#104;&#x6c;&#x61;&#x64;i&#107;&#x6f;&#x76;&#x61;&#64;&#103;&#x6d;&#x61;&#x69;l&#46;&#x63;&#x6f;&#x6d;\">&#x6b;a&#x74;&#97;r&#x69;&#110;&#x61;&#x2e;h&#x6c;&#97;d&#x69;&#107;&#x6f;&#118;a&#x40;&#103;m&#x61;&#105;&#x6c;&#46;c&#x6f;&#109;<\/a><\/p>\n<p>Dr Peter Demj\u00e1n (Programming, Design) &#8211; <a href=\"&#109;&#x61;i&#108;&#x74;o&#x3a;&#x70;&#101;&#x74;e&#114;&#x2e;d&#101;&#x6d;&#106;&#x61;n&#64;&#x67;m&#97;&#x69;&#108;&#x2e;&#x63;&#111;&#x6d;\">pet&#101;&#114;&#46;&#100;&#x65;&#x6d;&#x6a;&#x61;&#x6e;&#x40;&#x67;mai&#108;&#46;&#99;&#111;&#109;<\/a><\/p>\n<p>Ing. Andrej Kapc\u00e1r MA (Design) &#8211; <a href=\"&#109;&#x61;i&#108;&#x74;o&#58;&#x61;n&#x64;&#x72;&#101;&#x6a;&#46;&#107;&#x61;p&#99;&#x61;r&#x40;&#x67;&#109;&#x61;&#x69;&#108;&#x2e;c&#111;&#x6d;\">&#x61;&#x6e;&#x64;&#x72;&#x65;&#x6a;&#x2e;&#x6b;&#x61;&#x70;&#x63;&#x61;&#x72;&#x40;&#x67;&#x6d;&#x61;&#x69;&#x6c;&#x2e;&#x63;&#x6f;&#x6d;<\/a><\/p>\n","protected":false},"excerpt":{"rendered":"<p>Dr Peter Barta (Principal Investigator) &#8211; &#112;&#x65;&#116;&#x65;&#114;&#x62;&#97;&#x72;&#116;&#x61;&#64;&#x63;&#104;&#x65;&#108;&#x6c;&#111;&#x2e;&#115;&#x6b; Dr Petra Kme\u0165ov\u00e1 (Data Maintenance) &#8211; &#x6b;&#x6d;&#x65;&#x74;&#x6f;&#x76;&#x61;&#x2e;&#x70;&#x40;&#x67;&#x6d;&#x61;&#x69;&#x6c;&#x2e;&#x63;&#x6f;&#x6d; Dr Krist\u00edna Piatni\u010dkov\u00e1 (Data Maintenance) &#8211; k&#114;&#105;&#x73;&#x74;&#x69;na&#46;&#112;&#x69;&#x61;&#x74;n&#105;&#99;&#107;&#x6f;&#x76;&#x61;&#64;&#103;&#109;&#x61;&#x69;&#x6c;&#46;c&#111;&#109; Dr Katar\u00edna Hlad\u00edkov\u00e1 (Data Maintenance) \u2013 k&#97;&#116;&#x61;&#x72;&#x69;na&#46;&#104;&#x6c;&#x61;&#x64;i&#107;&#111;&#118;&#x61;&#x40;&#x67;m&#97;&#105;&#x6c;&#x2e;&#x63;om Dr Peter Demj\u00e1n (Programming, Design) &#8211; &#x70;&#x65;&#x74;&#x65;&#x72;&#x2e;&#x64;&#x65;&#x6d;&#x6a;&#x61;&#110;&#64;&#103;&#109;&#97;&#105;&#108;&#46;com Ing. Andrej Kapc\u00e1r MA (Design) &hellip; <a href=\"https:\/\/www.c14.sk\/?page_id=78\">Pokra\u010dova\u0165 v \u010d\u00edtan\u00ed <span class=\"meta-nav\">&rarr;<\/span><\/a><\/p>\n","protected":false},"author":1,"featured_media":0,"parent":0,"menu_order":0,"comment_status":"closed","ping_status":"open","template":"","meta":{"footnotes":""},"class_list":["post-78","page","type-page","status-publish","hentry"],"rttpg_featured_image_url":null,"rttpg_author":{"display_name":"admin","author_link":"https:\/\/www.c14.sk\/?author=1"},"rttpg_comment":0,"rttpg_category":null,"rttpg_excerpt":"Dr Peter Barta (Principal Investigator) &#8211; &#112;&#x65;t&#101;&#x72;b&#97;&#x72;t&#97;&#x40;c&#104;&#x65;&#108;&#x6c;&#x6f;&#46;&#x73;&#x6b; Dr Petra Kme\u0165ov\u00e1 (Data Maintenance) &#8211; k&#109;&#x65;&#x74;o&#118;&#97;&#x2e;&#x70;&#64;&#103;&#x6d;&#x61;i&#108;&#46;&#x63;&#x6f;m Dr Krist\u00edna Piatni\u010dkov\u00e1 (Data Maintenance) &#8211; &#107;&#x72;&#x69;s&#116;&#x69;n&#97;&#x2e;&#x70;i&#97;&#x74;n&#105;&#x63;&#x6b;o&#118;&#x61;&#64;&#103;&#x6d;&#x61;&#105;&#108;&#x2e;c&#111;&#x6d; Dr Katar\u00edna Hlad\u00edkov\u00e1 (Data Maintenance) \u2013 k&#97;&#x74;&#x61;&#x72;i&#110;&#x61;&#x2e;&#x68;l&#97;&#x64;&#x69;&#x6b;o&#118;&#x61;&#x40;&#x67;m&#97;&#x69;&#x6c;&#x2e;c&#111;&#x6d; Dr Peter Demj\u00e1n (Programming, Design) &#8211; &#x70;&#101;t&#x65;&#x72;&#46;d&#x65;&#x6d;&#106;a&#x6e;&#64;g&#x6d;&#x61;&#105;l&#x2e;&#x63;&#111;m Ing. Andrej Kapc\u00e1r MA (Design) &hellip; Pokra\u010dova\u0165 v \u010d\u00edtan\u00ed &rarr;","_links":{"self":[{"href":"https:\/\/www.c14.sk\/index.php?rest_route=\/wp\/v2\/pages\/78","targetHints":{"allow":["GET"]}}],"collection":[{"href":"https:\/\/www.c14.sk\/index.php?rest_route=\/wp\/v2\/pages"}],"about":[{"href":"https:\/\/www.c14.sk\/index.php?rest_route=\/wp\/v2\/types\/page"}],"author":[{"embeddable":true,"href":"https:\/\/www.c14.sk\/index.php?rest_route=\/wp\/v2\/users\/1"}],"replies":[{"embeddable":true,"href":"https:\/\/www.c14.sk\/index.php?rest_route=%2Fwp%2Fv2%2Fcomments&post=78"}],"version-history":[{"count":8,"href":"https:\/\/www.c14.sk\/index.php?rest_route=\/wp\/v2\/pages\/78\/revisions"}],"predecessor-version":[{"id":138,"href":"https:\/\/www.c14.sk\/index.php?rest_route=\/wp\/v2\/pages\/78\/revisions\/138"}],"wp:attachment":[{"href":"https:\/\/www.c14.sk\/index.php?rest_route=%2Fwp%2Fv2%2Fmedia&parent=78"}],"curies":[{"name":"wp","href":"https:\/\/api.w.org\/{rel}","templated":true}]}}